What is the thousands digit of 184251?
4
What is the units digit of 190129?
9
What is the hundreds digit of 3496941?
9
What is the ten thousands digit of 43417830?
1
What is the hundreds digit of 218680?
6
What is the hundred thousands digit of 467682?
4
What is the ten thousands digit of 1778136?
7
What is the thousands digit of 8550232?
0
What is the units digit of 311451?
1
What is the millions digit of 1002084?
1
What is the hundreds digit of 20874576?
5
What is the units digit of 471560?
0
What is the ten thousands digit of 4508181?
0
What is the hundreds digit of 11539?
5
What is the hundred thousands digit of 4896694?
8
What is the hundreds digit of 50540?
5
What is the tens digit of 804471?
7
What is the hundreds digit of 4189387?
3
What is the hundred thousands digit of 1089253?
0
What is the hundred thousands digit of 266277?
2
What is the thousands digit of 108450?
8
What is the hundreds digit of 2946097?
0
What is the ten thousands digit of 5528705?
2
What is the tens digit of 591343?
4
What is the ten thousands digit of 4340087?
4
What is the thousands digit of 888156?
8
What is the ten thousands digit of 302493?
0
What is the tens digit of 629901?
0
What is the ten thousands digit of 13310859?
1
What is the ten thousands digit of 233622?
3
What is the thousands digit of 13964592?
4
What is the tens digit of 251703?
0
What is the tens digit of 933964?
6
What is the ten thousands digit of 258819?
5
What is the units digit of 605920?
0
What is the tens digit of 9726458?
5
What is the hundred thousands digit of 17027561?
0
What is the ten thousands digit of 29544341?
4
What is the tens digit of 9902?
0
What is the thousands digit of 207475?
7
What is the tens digit of 181960?
6
What is the ten thousands digit of 6686437?
8
What is the thousands digit of 1060459?
0
What is the tens digit of 513145?
4
What is the hundreds digit of 1052026?
0
What is the hundred thousands digit of 737847?
7
What is the units digit of 565642?
2
What is the hundred thousands digit of 1379846?
3
What is the units digit of 1099586?
6
What is the units digit of 14624352?
2
What is the units digit of 2156990?
0
What is the millions digit of 7254177?
7
What is the thousands digit of 241428?
1
What is the hundreds digit of 73265?
2
What is the units digit of 168926?
6
What is the tens digit of 212658?
5
What is the hundreds digit of 4660036?
0
What is the units digit of 374768?
8
What is the tens digit of 6054821?
2
What is the hundred thousands digit of 1128854?
1
What is the hundred thousands digit of 7031911?
0
What is the ten thousands digit of 6554459?
5
What is the hundreds digit of 5029571?
5
What is the ten millions digit of 11019629?
1
What is the thousands digit of 279590?
9
What is the hundred thousands digit of 31960767?
9
What is the hundreds digit of 934541?
5
What is the units digit of 89099?
9
What is the ten thousands digit of 817361?
1
What is the millions digit of 8979658?
8
What is the units digit of 1120940?
0
What is the hundred thousands digit of 529974?
5
What is the hundred thousands digit of 769443?
7
What is the hundred thousands digit of 211572?
2
What is the thousands digit of 4880737?
0
What is the tens digit of 79102?
0
What is the tens digit of 10065063?
6
What is the hundreds digit of 26737?
7
What is the tens digit of 48098?
9
What is the hundreds digit of 51946?
9
What is the ten thousands digit of 20951?
2
What is the thousands digit of 3694084?
4
What is the tens digit of 3342016?
1
What is the tens digit of 12885557?
5
What is the units digit of 242067?
7
What is the ten thousands digit of 2794284?
9
What is the ten thousands digit of 21076?
2
What is the hundred thousands digit of 762040?
7
What is the ten millions digit of 21287826?
2
What is the thousands digit of 5378?
5
What is the hundreds digit of 474177?
1
What is the units digit of 13082429?
9
What is the hundred thousands digit of 1041216?
0
What is the hundred thousands digit of 325103?
3
What is the thousands digit of 382162?
2
What is the ten thousands digit of 176211?
7
What is the tens digit of 55494?
9
What is the hundreds digit of 8299636?
6
What is the thousands digit of 22081078?
1
What is the hundreds digit of 118915?
9
What is the units digit of 2200942?
2
What is the ten thousands digit of 550779?
5
What is the hundreds digit of 16847621?
6
What is the tens digit of 264515?
1
What is the tens digit of 11488113?
1
What is the hundred thousands digit of 287536?
2
What is the hundred thousands digit of 3866868?
8
What is the ten millions digit of 13760600?
1
What is the units digit of 108538?
8
What is the ten millions digit of 13805527?
1
What is the hundreds digit of 23121?
1
What is the units digit of 171553?
3
What is the ten thousands digit of 144469?
4
What is the hundred thousands digit of 590201?
5
What is the hundred thousands digit of 145781?
1
What is the ten thousands digit of 5133969?
3
What is the thousands digit of 196334?
6
What is the ten thousands digit of 23291568?
9
What is the tens digit of 28218845?
4
What is the millions digit of 10258219?
0
What is the ten thousands digit of 6629256?
2
What is the tens digit of 19505839?
3
What is the ten thousands digit of 27718620?
1
What is the ten thousands digit of 31053?
3
What is the ten thousands digit of 467376?
6
What is the tens digit of 10061851?
5
What is the millions digit of 11901389?
1
What is the units digit of 1185008?
8
What is the hundred thousands digit of 212762?
2
What is the units digit of 516707?
7
What is the ten thousands digit of 11653181?
5
What is the hundred thousands digit of 301764?
3
What is the units digit of 1073186?
6
What is the tens digit of 316857?
5
What is the hundred thousands digit of 462948?
4
What is the tens digit of 6454256?
5
What is the hundreds digit of 1527465?
4
What is the hundred thousands digit of 3284114?
2
What is the tens digit of 20299913?
1
What is the units digit of 1036293?
3
What is the hundred thousands digit of 2228793?
2
What is the hundreds digit of 723305?
3
What is the units digit of 24315334?
4
What is the thousands digit of 117585?
7
What is the thousands digit of 3904672?
4
What is the hundred thousands digit of 1512410?
5
What is the millions digit of 1783704?
1
What is the thousands digit of 8814597?
4
What is the hundreds digit of 173709?
7
What is the hundred thousands digit of 674023?
6
What is the hundred thousands digit of 17035124?
0
What is the units digit of 903612?
2
What is the hundreds digit of 7746453?
4
What is the ten thousands digit of 9089442?
8
What is the thousands digit of 157689?
7
What is the hundred thousands digit of 360660?
3
What is the units digit of 2321098?
8
What is the ten millions digit of 17806664?
1
What is the ten thousands digit of 265374?
6
What is the tens digit of 4214914?
1
What is the ten thousands digit of 183284?
8
What is the ten thousands digit of 9780131?
8
What is the tens digit of 4552228?
2
What is the ten thousands digit of 213386?
1
What is the hundred thousands digit of 1794408?
7
What is the ten thousands digit of 414919?
1
What is the thousands digit of 1166162?
6
What is the thousands digit of 7226838?
6
What is the hundreds digit of 607116?
1
What is the ten thousands digit of 89943?
8
What is the tens digit of 202091?
9
What is the units digit of 125099?
9
What is the millions digit of 1250359?
1
What is the thousands digit of 4802860?
2
What is the ten thousands digit of 1409121?
0
What is the ten thousands digit of 4383911?
8
What is the units digit of 154287?
7
What is the tens digit of 200093?
9
What is the tens digit of 9864049?
4
What is the thousands digit of 9347373?
7
What is the ten thousands digit of 5731043?
3
What is the tens digit of 107342?
4
What is the hundred thousands digit of 14967017?
9
What is the ten thousands digit of 224644?
2
What is the ten thousands digit of 520472?
2
What is the thousands digit of 2976841?
6
What is the units digit of 465?
5
What is the tens digit of 1056817?
1
What is the hundred thousands digit of 14439220?
4
What is the ten thousands digit of 4196004?
9
What is the ten thousands digit of 369062?
6
What is the millions digit of 1316647?
1
What is the ten thousands digit of 1986374?
8
What is the hundreds digit of 9647